factors of 5918/18 - 3*12/(-162).
7, 47
Let x = 43 - 28. Suppose -x = -3*p + 102. Suppose t + 13 = -5*n + p, -2*t - 20 = -2*n. List the prime factors of n.
2, 3
Let k = 1 - -7. Suppose 802 = 5*t - f, 2*f = 4*t + k - 652. Suppose -6*l + t = -l. List the prime factors of l.
2
Let a(g) = -33*g + 15. Let p(l) = l**2 + 1. Let x(s) = -a(s) - p(s). What are the prime factors of x(20)?
2, 61
List the prime factors of -210*(6/(-12) - (-1)/(-6)).
2, 5, 7
Let o(q) = q**3 - 7*q**2 + 6*q - 8. Let l(p) = -5*p**3 + 34*p**2 - 29*p + 41. Let f(k) = -2*l(k) - 11*o(k). What are the prime factors of f(6)?
2, 3, 11
Let c(o) = o**3 + 9*o**2 + o + 8. Let s = 10 + -6. Suppose -4*p - 44 = -s*x, -3*p - 19 - 8 = -x. What are the prime factors of c(p)?
2
Let n = -26 - -34. Let y(x) = x**2 - 4*x + 2. Let o be y(4). Let v = n + o. List the prime factors of v.
2, 5
Let a(v) = 73*v**2 + 29*v + 83. List the prime factors of a(-5).
41, 43
Let u(s) = s**2 - 10*s + 33. Let k be u(7). Let a(n) be the second derivative of -n**3/6 + 11*n**2 - n. List the prime factors of a(k).
2, 5
Let u = 421 - -452. What are the prime factors of u?
3, 97
Let z(w) = -w**3 + 12*w**2 + 18*w. Let g be z(11). Suppose -o - 3*m + 181 = 0, 2*o = -5*m + g + 38. List the prime factors of o.
2, 83
List the prime factors of (-25700)/(-180) - 4/(-18).
11, 13
Let t(b) = -b**3 + 5*b**2 - 2*b + 4. Let x be t(5). List the prime factors of ((-140)/6)/((0 - -1)/x).
2, 5, 7
What are the prime factors of 445*((-72)/30 + 3)?
3, 89
Let v(l) = l**3 + 4*l**2 + 4*l - 1. Let q be v(-3). Let w be -3 + (5 - 2) + q. What are the prime factors of 5/1*(5 + w)?
5
Suppose 4*q - 19 = 117. Suppose -q = -7*w + 337. What are the prime factors of w?
53
Let i(r) = -3*r**3 - 7*r**2 + r - 2. Let v be i(-5). Suppose -5*x = 5*w - 385, 5*x + w = v + 176. What are the prime factors of x?
73
Let r be 1950/(-24) - 2/(-8). Let a = r + 121. What are the prime factors of a?
2, 5
Let j(p) = -3*p - 2. Let i be j(-2). Suppose -i*c + 23 = -9. Let o = 33 - c. List the prime factors of o.
5
Let y(t) = -t + 181. Let q be y(0). Let m = q + -96. Suppose -3*k + 0*k = b - 10, -4*b - 3*k + m = 0. What are the prime factors of b?
5
Let r(v) be the second derivative of v**5/20 - 13*v**4/12 + 5*v**3/2 - 2*v**2 + 2*v. Let u be 24/9*(-54)/(-12). What are the prime factors of r(u)?
2
Suppose -4*n - 16 + 72 = 0. Suppose 64 = 5*g + n. List the prime factors of 165/25 - (-4)/g.
7
Let k(s) = s**3 + 11*s**2 + 4*s - 16. Let t be k(-11). Let p = t + 149. List the prime factors of p.
89
Let s(t) = -t**3 + t**2 + 3*t + 1. Let r(m) = 2*m. Let w be r(-3). Let y be (w/4)/((-18)/(-24)). List the prime factors of s(y).
7
List the prime factors of 35402/16 - (15 + (-246)/16).
2213
Suppose -17 = -4*p - 9. Suppose 4*a = c + 2*c - 113, 4*a = -p*c + 82. What are the prime factors of c?
3, 13
Let k(z) = -z**3 + 7*z**2 + 4*z + 7. Let v be k(7). List the prime factors of (-668)/(-14) - (-10)/v.
2, 3
Suppose 0 = 63*f + 13941 - 224046. List the prime factors of f.
5, 23, 29
Let u = 2094 - 1137. What are the prime factors of u?
3, 11, 29
Let i = 7 + 1. Let l = i + 7. Suppose 0*a - l = -3*a. What are the prime factors of a?
5
Suppose 11 = 4*q - 1, 2*k - 4*q = -6. Suppose 2 = k*d + 11. List the prime factors of (-4)/d + (-95)/(-3).
3, 11
Suppose 2*z = 4*t + 13 + 9, 3*t - 2*z = -19. What are the prime factors of (-15)/18*16*t?
2, 5
Let n(l) = 2*l**2 - 2*l - 4. Let p be n(-6). Suppose -5*t = 3*b - 0*t - 260, 3*t = -b + p. What are the prime factors of b?
5, 19
Let i be (-15)/25 - (-2502)/(-5). Let h be 2/11 - i/(-33). Let p = 37 + h. What are the prime factors of p?
2, 11
Suppose -4*g - 12 - 335 = -5*p, 4*g = p - 367. Let j = 20 - g. What are the prime factors of j?
113
Suppose -12902 - 6394 = -18*q. What are the prime factors of q?
2, 67
Suppose 1 = 2*a - 1. Let n = a - -1. List the prime factors of 0 - 6/n - -23.
2, 5
Suppose 0 = z - 3 - 1. Let c(q) = -q**2 + 5*q - 1. Let u be c(z). Suppose -2*n + 32 = u*h, 4*h - 35 = 4*n + 21. List the prime factors of h.
2, 3
Let n = -6 + 7. Suppose -5*s = p - n, 3*p - p + 11 = 3*s. What are the prime factors of (69/9*3)/s?
23
Suppose -4*m - 10 = -126. Let w = -15 + m. Let c = w + -1. What are the prime factors of c?
13
Let k(v) = 11*v**2 + 47*v + 10. List the prime factors of k(-9).
2, 239
Let n = -36 - -413. List the prime factors of n.
13, 29
Let d be 4*((-8)/(-12))/(4/12). Suppose m + d = 5*m, -2*u - 4*m = -110. What are the prime factors of u?
3, 17
Let d = 1158 - 639. List the prime factors of d.
3, 173
Suppose -8 - 12 = -4*q. Suppose q*i - k - 457 = 0, 0*i - 175 = -2*i + 3*k. What are the prime factors of i?
2, 23
Let l = -643 - -1196. List the prime factors of l.
7, 79
Let q = 662 + 83. List the prime factors of q.
5, 149
Let l = 10 + 64. List the prime factors of (l/(-1))/(5/((-15)/6)).
37
Let l be (0 + 2)/((-2)/(-375)). Suppose -5*j = 5*u - l, j + 3*u = -0*j + 79. What are the prime factors of j?
73
Suppose 8*y = -23*y + 8122. List the prime factors of y.
2, 131
Suppose 9 = -6*t - 21. Let f(d) be the second derivative of d**4/6 + 5*d**3/6 - d**2/2 + d. List the prime factors of f(t).
2, 3
Let j(i) = -5*i + 4. Let x be j(4). Let s be x/10*(-10)/4. Suppose p + s*p = 40. List the prime factors of p.
2
Let p be -2 + 4 - (-129 + 2 + -1). Suppose 6*x = p + 458. What are the prime factors of x?
2, 7
Let h(n) = n**2 - 9*n + 8. Let j be h(7). Let u be (j/(-4))/((-12)/(-32)). Let i = u - -30. What are the prime factors of i?
2, 17
Suppose -q + 4*o = -4*q + 163, 3*q = 3*o + 135. Suppose f - q = 54. What are the prime factors of f?
103
Suppose 3*u = -q + 527, -4*u + q = -5*u + 177. What are the prime factors of u?
5, 7
Suppose -4*y = -2*o - 26, -7*y = -2*y + 5*o + 5. Suppose -y*m + 243 = -405. What are the prime factors of m?
2, 3
Let k(z) = 2*z**2 + 10*z - 16. Let m be k(-11). Suppose -v + m = 3*v. Suppose 2*p = -2*u - 3*p + 37, 4*u - v = 5*p. What are the prime factors of u?
11
Let p = -2600 + 3832. List the prime factors of p.
2, 7, 11
Suppose -9*l - 9 = -27. Suppose 3*g - 606 = -3*s, 2*s = 6*g - l*g - 838. List the prime factors of g.
3, 23
Suppose -360 = -3*y - 3*y. Suppose -11*q + 15*q - y = 0. What are the prime factors of q?
3, 5
Let a(y) = y**3 + 26*y**2 - 2*y + 301. List the prime factors of a(-26).
353
Let n be 3 + 6 + -6 + (-1 - 111). Let q = 214 + n. List the prime factors of q.
3, 5, 7
Let v be (-51)/(-7) - (-6)/(-21). Suppose 3*h = -2*f + 78, 2*h + 4 = -f + 43. List the prime factors of v - 11 - (-1 - f).
2, 3
Suppose 12*l + 60 = 7*l. Let h = l - -15. List the prime factors of h.
3
Suppose -28*r = -32*r + 2*a + 1214, r - 276 = -5*a. What are the prime factors of r?
7, 43
Let q(x) be the second derivative of -177*x**5/20 + x**4/6 + x**3/3 + x**2/2 + 2*x. What are the prime factors of q(-1)?
2, 89
Let v(r) = -4*r + 17. Suppose -2*q - 24 = 2*n, q = -6*n + 4*n - 21. What are the prime factors of v(n)?
53
Suppose -2*h - 8 + 200 = -5*k, k = 3*h - 262. What are the prime factors of h?
2, 43
Let j(m) = -4*m + 2. Let v be j(-1). Suppose l + 2 = v. Suppose l*g - 2*q = 38, -4*q + 2*q + 25 = 3*g. What are the prime factors of g?
3
Let y(b) = 2397*b**2 - 5*b - 2. Let o be y(-1). Suppose o = 27*n - 15*n. List the prime factors of n.
2, 5
Let w(x) = -2*x**3 - 4*x**2 + x + 6. Suppose -4*l + 58 + 6 = 0. Suppose 4*k = -0*k - l. What are the prime factors of w(k)?
2, 3, 11
Suppose 5*u + 284 = -f - 3*f, -57 = u + f. Let o be (-44)/7 + (-16)/u. What are the prime factors of 1/o - (-410)/12?
2, 17
Let q(i) = 20*i**2 + 6*i - 3. Let g be q(2). Let f = g - -1. What are the prime factors of f?
2, 3, 5
Suppose 7 = 14*r - 7. List the prime factors of (r + (-151)/2)*-2.
149
Suppose 10*p = p - 3132. Let u = p - -556. What are the prime factors of u?
2, 13
Let i be 2470/18 - 6*5/135. Suppose 0 = -3*r + 2*u + i, u = -4*r - 4*u + 152. List the prime factors of r.
43
Let f be (-1)/(-4) + 318/8. Suppose 31*x - 30*x = 2. Suppose -x*z + 2 = -f. What are the prime factors of z?
3, 7
Suppose 0 = -2*o + 5*o - 9. Suppose 4*v - 32 = -2*g - o*g, 0 = -5*v - 4*g + 31. Suppose -v*q + 36 = 2*u - q, 2*u = -q + 39. List the prime factors of u.
3, 7
Let k(t) = 2*t**2 - 11*t + 20. Let f be k(8). Let w = 84 - f. Suppose -u - 4*z + 24 = -w, -z - 28 = -u. List the prime factors of u.
2
Let 